450109 and 14790.
493
Calculate the highest common factor of 856550 and 14.
2
Calculate the highest common divisor of 14112040 and 60.
20
Calculate the highest common divisor of 62752176 and 240.
48
What is the greatest common factor of 29300435 and 30500?
305
What is the greatest common divisor of 3294 and 45144?
54
Calculate the highest common divisor of 18072 and 196013430.
4518
What is the highest common divisor of 420376 and 104472990?
9554
What is the highest common divisor of 1212407 and 7085?
109
What is the greatest common factor of 494913366 and 766?
766
Calculate the highest common factor of 81435218 and 39818.
926
What is the greatest common factor of 19790 and 53816926?
3958
Calculate the greatest common factor of 267984097 and 508.
127
Calculate the highest common factor of 2496 and 187764.
12
Calculate the greatest common factor of 194040 and 1484.
28
Calculate the highest common factor of 185077 and 13.
1
Calculate the highest common factor of 104 and 83868863.
13
What is the highest common divisor of 473 and 329661607?
473
What is the greatest common divisor of 525 and 4048093?
7
What is the greatest common factor of 5514864 and 6?
6
What is the greatest common divisor of 4106262 and 66?
6
Calculate the greatest common factor of 32102000 and 2000.
2000
What is the highest common divisor of 24352 and 40004248?
6088
What is the greatest common factor of 6710 and 3115270?
610
What is the greatest common factor of 2184 and 3585432?
24
What is the highest common divisor of 4642885 and 65?
65
What is the highest common divisor of 13123865 and 42121?
577
Calculate the greatest common factor of 40 and 706780.
20
Calculate the highest common factor of 390 and 90611742.
78
Calculate the highest common divisor of 2 and 26477714.
2
Calculate the greatest common factor of 7080 and 743518.
118
What is the highest common factor of 32922 and 45792?
18
What is the highest common divisor of 250 and 14553390?
10
What is the highest common factor of 6095 and 2051895?
265
What is the highest common factor of 4017 and 663429?
39
What is the greatest common factor of 49473304 and 9512?
232
Calculate the greatest common factor of 53231341 and 2118.
353
Calculate the highest common factor of 4246086 and 104.
26
What is the greatest common factor of 91607 and 164167?
907
Calculate the greatest common divisor of 11128266 and 3402.
162
Calculate the highest common factor of 224 and 13085344.
32
Calculate the greatest common divisor of 927200 and 2600796.
4636
What is the highest common factor of 590268 and 329?
7
What is the highest common divisor of 261 and 10450237?
29
Calculate the greatest common factor of 14727510 and 485.
485
Calculate the highest common divisor of 685344403 and 21815.
4363
What is the greatest common divisor of 23982818 and 1802?
1802
Calculate the highest common divisor of 195 and 740961.
39
Calculate the highest common factor of 173545 and 1107455.
305
What is the highest common divisor of 396 and 135071244?
396
Calculate the greatest common factor of 40 and 526101290.
10
Calculate the highest common divisor of 145 and 220895.
5
What is the highest common factor of 8126242 and 52984?
358
Calculate the highest common factor of 1341843 and 46.
23
Calculate the greatest common divisor of 58950 and 10080.
90
Calculate the highest common factor of 1846155 and 85.
5
Calculate the highest common divisor of 94 and 18831349.
47
What is the highest common factor of 405 and 10528935?
15
Calculate the greatest common divisor of 12221958 and 42.
42
Calculate the greatest common divisor of 90472 and 2420771.
43
What is the highest common divisor of 2315210181 and 271?
271
Calculate the greatest common factor of 864350960 and 440.
440
Calculate the highest common divisor of 21333466 and 45331.
3487
Calculate the highest common factor of 3138 and 698606664.
3138
Calculate the highest common factor of 7272628 and 132.
44
Calculate the highest common factor of 192085 and 295.
5
What is the greatest common divisor of 628900 and 107906?
662
Calculate the greatest common divisor of 665 and 41363.
133
Calculate the greatest common divisor of 639718 and 268462.
998
Calculate the greatest common divisor of 951909273 and 10611.
3537
What is the greatest common factor of 2124 and 8559956?
236
What is the greatest common divisor of 2784 and 541536?
96
Calculate the highest common divisor of 17891 and 6613354477.
17891
Calculate the highest common divisor of 346320 and 82323.
9
What is the greatest common factor of 54709579 and 236?
59
What is the greatest common divisor of 87291 and 10977201?
1431
Calculate the greatest common divisor of 5087 and 3343.
1
Calculate the highest common divisor of 385603 and 420005.
167
What is the highest common factor of 1092 and 88892440?
364
What is the highest common divisor of 4676399 and 910?
91
Calculate the highest common factor of 1768 and 183508.
52
What is the greatest common divisor of 113737 and 1047293?
169
Calculate the greatest common divisor of 36468547 and 161.
23
Calculate the highest common factor of 59904 and 150267.
39
Calculate the highest common factor of 31464 and 93748.
92
What is the greatest common factor of 583320 and 1290?
30
What is the highest common factor of 420378 and 5600?
14
What is the highest common divisor of 792 and 316829304?
792
Calculate the greatest common factor of 144 and 20990724.
12
Calculate the highest common divisor of 19972825 and 461.
461
What is the highest common factor of 288 and 293208336?
144
Calculate the greatest common divisor of 313600 and 43712900.
4900
What is the greatest common divisor of 3104871 and 231?
231
What is the greatest common divisor of 469592134 and 3102?
1034
What is the greatest common factor of 1 and 56761758?
1
What is the highest common divisor of 112 and 92802448?
16
What is the greatest common factor of 1938 and 10356?
6
What is the greatest common factor of 6667 and 7973319?
59
Calculate the greatest common divisor of 3767414 and 18702.
2078
What is the greatest common factor of 47609 and 167?
1
What is the greatest common factor of 40040 and 12522664?
616
Calculate the greatest common divisor of 12852 and 544285413.
3213
Calculate the highest common factor of 16744 and 3607688.
1288
What is the highest common factor of 106609626 and 1044?
522
What is the greatest common divisor of 4243 and 1096268153?
4243
Calculate the highest common factor of 4810 and 9415094.
962
Calculate the highest common factor of 45578 and 100906.
26
Calculate the highest common divisor of 415843780 and 1034.
1034
Calculate the highest common divisor of 1376816 and 195776.
2128
What is the greatest common divisor of 91091 and 3029?
13
What is the highest common divisor of 9472 and 20136880?
592
Calculate the highest common factor of 9418289 and 68.
17
What is the highest common divisor of 42782376 and 57?
57
What is the greatest common factor of 17127 and 2738417?
1903
Calculate the greatest common divisor of 114 and 38827260.
114
What is the highest common divisor of 63324 and 49212?
36
What is the greatest common divisor of 2721718 and 1130?
226
What is the highest common factor of 12 and 394143348?
12
Calculate the highest common factor of 283 and 5511.
1
What is the greatest common factor of 162836880 and 2238?
2238
What is the greatest common factor of 14964004 and 341484?
8756
Calculate the greatest common factor of 911734 and 1539.
19
What is the greatest common factor of 94707365 and 11320?
1415
Calculate the greatest common factor of 46792 and 340370857.
5849
Calculate the greatest common divisor of 1559931590 and 56.
14
Calculate the highest common divisor of 611496 and 1044354.
114
What is the greatest common divisor of 31656 and 154824?
24
Calculate the highest common divisor of 151954 and 26862.
22
Calculate the greatest common divisor of 36250 and 4040.
10
Calculate the greatest common factor of 91633 and 57036215.
2131
What is the greatest common factor of 282500 and 1763704?
452
What is the greatest common divisor of 191092 and 17688?
44
What is the greatest common divisor of 14973924 and 168?
84
What is the highest common divisor of 740672 and 80656?
1136
What is the greatest common divisor of 34162369 and 3314?
1657
Calculate the highest com